pose -q - 13 = -j - 4*p, -5*j - 2*p = -288. What is the tens digit of j?
5
Let j(r) = 50 + 11882*r**3 + 0 + r**2 - 11883*r**3. What is the units digit of j(0)?
0
What is the hundreds digit of ((-4)/(-10))/((-21)/(15797040/(-32)))?
4
Suppose 0 = 25*o + 78 - 3. What is the tens digit of (3 - (-369 + -3)) + o?
7
Suppose -6*f + 15725 = 3*f - 114856. What is the units digit of f?
9
Let g(a) = -4*a**3 + 79*a**2 - 65*a - 25. What is the units digit of g(16)?
5
Suppose 0 = -8*z - 12*z + 220. Suppose -z*d = 7*d - 6912. What is the hundreds digit of d?
3
Suppose 3*h - 500 = -p, -p = 4 - 0. Let q = 1070 - h. What is the hundreds digit of q?
9
Suppose -87*t = -88*t - a + 57384, -2*a - 229554 = -4*t. What is the tens digit of t?
8
Suppose 14*s - 57*s = 25*s - 3287392. What is the thousands digit of s?
8
Let i be 12/10*-5 + -8. Suppose -5*s - 4 - 1 = 0. What is the tens digit of 174 - s/(-2)*(12 + i)?
7
Let u(m) = m**2 - 15*m + 17. Let t be u(14). Suppose 3*d + t*w - 105 = 2*d, -3*w = -2*d + 183. What is the tens digit of d?
9
Let j(r) = r + 13 + 6 - 2. Let b be j(-8). What is the tens digit of 3/(b/195) - 1?
6
Suppose -2*a + 170446 = 4*v, -461*a = -460*a - 1. What is the ten thousands digit of v?
4
Suppose 0 = 7*m + 24 - 3. What is the units digit of (m + 155/(-15))*72/(-2)?
0
Suppose 18836 - 6538 = 2*x. What is the units digit of x?
9
Suppose -4*y + 8 = 0, 2*y = -7*c + 2*c + 9. What is the hundreds digit of (c - 378)/(-2*(-5)/(-20))?
7
Suppose 0 = -2778*s + 2791*s - 165230. What is the thousands digit of s?
2
Let x = -3169 - -5852. What is the tens digit of x?
8
Suppose -6*k + 5156 = -4*k. Suppose 4*p - 526 + k = 4*o, 0 = 2*o - 5*p - 1038. What is the hundreds digit of o?
5
What is the units digit of 303548/20 - ((-228)/30 + 7)?
8
Let l(b) = 6*b + 53 + 3*b**2 - 24*b - 58. What is the hundreds digit of l(-6)?
2
Suppose 0 = -12*b + 2*c + 347070, 21*c - 18*c = -3*b + 86778. What is the units digit of b?
3
Let c be 1072/60 + 1*4/30. Suppose 3*l = -13*x + c*x + 960, -618 = -2*l - 4*x. What is the units digit of l?
5
Let c(v) be the first derivative of -1/3*v**3 + 15/2*v**2 + 7 + 2*v. What is the units digit of c(12)?
8
Let s = 3 + -3. Suppose 4*i - c - 4*c - 375 = s, 3*c - 215 = -2*i. Suppose -62 - i = -3*z. What is the tens digit of z?
5
Suppose 2*f - 147 - 317 = 0. Suppose -z + 2*c = -f, 5*c - 1130 = -12*z + 7*z. What is the hundreds digit of z?
2
Suppose -22*z + 52854 - 2470 = 3480. What is the thousands digit of z?
2
Suppose 4*j = 0, 2*w - 3*w + 3*j = -5697. Suppose 4*x - 7596 = z, 3*x - w = -3*z + 8*z. What is the hundreds digit of x?
8
Let h(w) = -4*w**3 - 28*w**2 - 165*w - 6. What is the units digit of h(-13)?
5
Let y(u) = -13*u - 69. Let h be (-4 - 2)*3/(-6)*5. Let m = h + -28. What is the hundreds digit of y(m)?
1
Let q = 216 + -216. What is the hundreds digit of (13 - -616) + 10/(q - 2)?
6
Suppose 1092*f = 962*f + 2668380. What is the thousands digit of f?
0
Let y(q) = 2*q**3 - 13*q**2 - 6*q - 3. Let g be y(7). Suppose -g*k - 8*k = -1908. What is the hundreds digit of k?
1
Let f = -89 + 95. Suppose f*s + 49*s = 87835. What is the units digit of s?
7
Let q(r) = 108*r**2 - 23*r - 202. What is the units digit of q(13)?
1
Suppose 5*k - 5*f = 95275, k - 7*f + 4*f - 19043 = 0. What is the thousands digit of k?
9
Suppose 36*b - 37*b + 2 = 0, 0 = 2*f + 2*b - 4. Suppose s - 2 = -s, s = -2*z + 15. Suppose 20*m - z*m - 325 = f. What is the units digit of m?
5
Let h = 1005 + -550. Suppose -h = -4*n - 5*p + 479, 2*n - 3*p = 478. What is the units digit of n?
6
Suppose -11*w + 1040760 = -w + 32*w. What is the ten thousands digit of w?
2
Let v(t) = 8*t + 10. Let i(u) = -39*u - 51. Let n(o) = -5*i(o) - 24*v(o). Let x(s) = 5*s + 29. Let k(m) = -7*n(m) + 4*x(m). What is the tens digit of k(-8)?
1
Let m(p) = -p**2 + 10*p - 2. Let b be m(3). Suppose -x + 3*x + 17 = -5*i, -5*i = 4*x + b. Let g(y) = -69*y - 18. What is the tens digit of g(i)?
8
Suppose 0 = -0*k - 2*k + 4*p + 22, 10 = -2*k - 4*p. Suppose 1397 = 3*z + 4*v, -k*z = -4*v + 2*v - 1403. What is the tens digit of z?
6
Suppose 2*u - 2 - 4 = -4*w, 0 = -2*w - 5*u - 1. Let o(k) = -16 - 4*k**2 - w*k**2 - 9*k + 3*k + 4 - k**3. What is the tens digit of o(-6)?
2
Let z = 48 + -65. Let o = 29 + z. What is the tens digit of o?
1
Let d be (12/(-8)*(-8)/3)/1. Let b be (d/(-10))/(1/130). Let v = b + 69. What is the tens digit of v?
1
What is the units digit of 2/(2/1)*(3633 - 14/(-2))?
0
Let p be (-327)/3 + (-9 - -14). Let s = -101 - p. Suppose -s*d - 2490 = -18*d. What is the tens digit of d?
6
Suppose 9*o + 23*o - 36288 = 0. Suppose a = 2*z + 581, -2*a - 4*z + z = -o. What is the hundreds digit of a?
5
Let a(o) = -o**2 + 2*o + 10. Let s be a(5). What is the units digit of s + (11268/90)/(4/10)?
8
Let c be (-174)/(-609) - (1 + 19/(-7)). Suppose 5*h = -3*j + 3459, -c*h = -0*h - 4*j - 1368. What is the hundreds digit of h?
6
Let m(i) = 193*i + 2614. What is the tens digit of m(19)?
8
Suppose 2*l - 269 = -3*n + 1249, 3*n + 5*l = 1527. Suppose -4*u + 5*x + 1291 = 292, 0 = 2*u - 4*x - n. What is the units digit of u?
6
Let m be (1/3)/((-5)/(-1065)). Suppose -73*w + 302 = -m*w. What is the hundreds digit of w?
1
Suppose -16*d - 896 = -24*d. Suppose 8*p + 3*b = 9*p - 126, p = -4*b + d. What is the tens digit of p?
2
Let d = -89 + 163. Let u = d - 44. Suppose -u*f + 78 = -27*f. What is the tens digit of f?
2
Let z be 1/3*(18 - 3). Suppose 5 = u, -289 = -2*j - z*u + 124. Suppose 4*y - 2*a - j = 0, -y + 6*a - a + 44 = 0. What is the units digit of y?
9
Let h be 2*(-4)/(-8) - (4 - 5). What is the units digit of 120 + (-24)/4 - 10/h?
9
Suppose 3*t = -0*t + 423. Let h be -5 + 0/1*-1 - -151. Suppose -t - h = -7*c. What is the units digit of c?
1
What is the units digit of 252/147 + (-6)/(-21) + (-41373)/(-3)?
3
Let w(i) = 2*i - 14. Let y be w(14). Suppose -19*h + y*h = -675. Let s = h + -55. What is the units digit of s?
0
Let f be 6/(-10) - 6326/(-10). Suppose 74*u - 126 = 41*u + 42*u. What is the hundreds digit of 42/(-12)*f/u?
1
What is the units digit of ((13778/3)/((-1120)/(-2520)))/(6/8)?
8
Suppose -56*t + 168088 = 45000. What is the thousands digit of t?
2
Let d(l) = 25*l + 6. Let i(x) = -x - 12. Let z(o) = 6*o + 72. Let g(y) = -34*i(y) - 6*z(y). Let v be g(-14). What is the units digit of d(v)?
6
Let b(u) = -3*u + 12 - 19*u + 27*u - u - 3*u. Let c(v) = v**3 + 4*v**2 + 2*v - 1. Let r be c(-3). What is the units digit of b(r)?
4
Suppose 0 = 3*s + 4*j - 98463, 0 = -0*s + 4*s - 4*j - 131256. What is the tens digit of s?
1
Let i(q) = q**2 - 9*q - 15. Let m be i(-12). Suppose 0 = -2*x + o + m, 0 = -x - 0*x + 5*o + 96. Let z = x - 82. What is the tens digit of z?
3
Let a(k) = -k**2 - 2*k - 2. Let f be a(-2). Let h(t) = -11*t**2 - 2*t + 2. Let m be h(f). Let v = m - -45. What is the units digit of v?
7
Suppose -4*h - 16*h = -80. Suppose -4*f + i = -2069, 7 - 3 = -h*i. What is the tens digit of f?
1
Let f be 25/10*-4*1. What is the units digit of 22/22*(-36)/f*245?
2
Let q = 11515 + -8044. What is the hundreds digit of (-4)/6 + q/9?
3
Let y(i) = -8*i**3 + 4*i + 18. Let m(s) = 7*s**3 - 3*s - 17. Let d(f) = -4*m(f) - 3*y(f). What is the hundreds digit of d(-6)?
8
Let k be -7*(0 + 15/(0 - 3)). Let v(h) = 0*h**2 + h**2 - 13*h - k + 65 - h. What is the units digit of v(20)?
0
Suppose 10002*v - 100665 = 9993*v. What is the tens digit of v?
8
Let h = 14 - 159. Let i = 122 + h. Let j = 259 + i. What is the units digit of j?
6
Suppose -5*l = -11*l - 36. Let r be 2*(-790)/(-12) + 4/l. What is the tens digit of (2 - 5) + -2 + r?
2
Suppose -3337 = -f + g + 7798, 0 = g - 5. Suppose 20*x = 40*x - f. What is the tens digit of x?
5
Suppose -339*x - 119415 - 305378 = -370*x. What is the hundreds digit of x?
7
Let z be 1 - (-5)/(10/1578). Suppose z + 1154 = 9*y. What is the tens digit of y?
1
Suppose -25*g + 547085 = 90160. What is the tens digit of g?
7
Let p = 12 - -19. Suppose p*x = 35*x - 24. Suppose x*f - 436 = 260. What is the tens digit of f?
1
Let x(c) = c**2 + 21*c - 66. What is the units digit of x(3)?
6
Let q = -28 - -24. Let j(s) = s - 1. Let z be j(q). What is the tens digit of ((-37)/z)/(3/15)?
3
Let y = 261 - 226. What is the units digit of y/28*6/5*222?
3
Suppose -2*l = -n - 51034, -8*n + 51070 = 15*l - 13*l. What is the ten thousands d